Suppose 5*n = 2*n - v + 2, 0 = 3*n - 5*v - 26. Let r = 10 + -4. What is the remainder when r is divided by ((-3)/n)/(((-15)/(-4))/(-5))?
0
Let f(t) = 63*t**2 + 2*t + 1. Let m be f(1). Calculate the remainder when 24 is divided by m/(-60)*-4 + (-6)/15.
0
Let s(i) = 8*i + 3 - 2 - 14*i**2 + 13*i**2. Calculate the remainder when 64 is divided by s(6).
12
Let o = 9 + 76. What is the remainder when 58 is divided by 4/(-3 + o/25)?
8
Calculate the remainder when 111 is divided by -1 + (3 + 0)/((-2)/(-10)).
13
Let c be ((-4)/10)/(7/(-70)). Let k = -7 - -9. Suppose 0 = -c*f + 3*s + 73, -s = k*f - 3*s - 36. Calculate the remainder when f is divided by 7.
5
Let b = 145 + -97. Let m(z) = 4*z**3 + 37*z**2 + 8*z + 1. Calculate the remainder when b is divided by m(-9).
8
Let c(h) = 3*h**3 - 14*h**2 + 19*h + 15. Suppose 3*w = p + 154, -5*w - 17 = p - 271. What is the remainder when w is divided by c(3)?
24
Let c(o) = o**3 - 7*o**2 - 4*o - 2. Let d be c(5). Let r = 4 - d. What is the remainder when r is divided by 13?
11
Suppose -j - 2 = j. Let k = -6 - 3. Calculate the remainder when j - k - (-1 + -2) is divided by 3.
2
Let t(p) = -p**3 + 6*p**2 + 4. Let y be t(6). Suppose u = a + 5, u = 5*u + y*a - 60. What is the remainder when 49 is divided by u?
9
Let v = 3 + 0. Let y be 2 - (-60)/(1 + v). Let j = y + -3. Calculate the remainder when 39 is divided by j.
11
Let y = 12 - 10. Suppose y*i + 8 = -0*i. Let w(u) = -u**2 - 7*u - 6. Calculate the remainder when 16 is divided by w(i).
4
Let f be (-4)/(-3)*3/(-2). Let p be f - 7/((-7)/(-92)). Let m = p + 147. Calculate the remainder when m is divided by 14.
11
Let o(d) = -2*d**2 + 16*d - 15. Calculate the remainder when (-282)/(-5) - 2/5 is divided by o(5).
11
Suppose 4*m - 81 = -5*q, 5*q - 2*m = -0*q + 87. What is the remainder when 67 is divided by q?
16
What is the remainder when 1*-14*((-63)/6 - -7) is divided by 25?
24
Let c(m) = 3*m**2 - m. Suppose 0 = -28*r + 26*r - 4*p + 22, -5*p + 5 = -2*r. Calculate the remainder when c(3) is divided by r.
4
Suppose 0 = 2*o - 4*o + 22. What is the remainder when 18 is divided by o?
7
Let n = 1803 - 967. What is the remainder when n is divided by 84?
80
Let v = -56 + 54. Let d(u) = u**2 + 4*u. Let t be d(-8). Let m = t - v. Calculate the remainder when 99 is divided by m.
31
Let g(v) = -6*v**3 - 1. Let h be g(1). Calculate the remainder when 7200/126 + 1/h is divided by 12.
9
Let u = 16 + -17. Let p(w) = -25*w**3 + w**2. Calculate the remainder when 49 is divided by p(u).
23
Suppose 0 = -277*y + 255*y + 154. Let x = -2 + 3. Calculate the remainder when y is divided by x.
0
Suppose 0*l = -32*l + 3712. What is the remainder when l is divided by 27?
8
Let z = 35 - 30. Let x(t) = -6 - t**2 - 6 + 2 + 2 + 9*t. What is the remainder when 47 is divided by x(z)?
11
Suppose 2*s + 5 - 3 = 3*v, -4*v = 3*s + 3. Suppose v = 4*l - u - 29, 2*l - u = 19 - 6. What is the remainder when (2/(-3))/(-2)*87 is divided by l?
5
Let f(z) = -z**3 - 5*z**2 + 1. Let w be f(-5). Let j = 28 - w. Calculate the remainder when j is divided by 7.
6
Let w be (-286)/10 - 2/5. Let s = -7 - w. Suppose 0 = -2*m + q - 6*q + 130, -2*m = -q - 130. What is the remainder when m is divided by s?
21
Let o = 916 - 719. What is the remainder when o is divided by 58?
23
Suppose 5*i + 62 = 4*f, -2*f - 3 - 11 = 2*i. What is the remainder when (-16)/((-15)/i - 2) is divided by 2/((-4)/102*-3)?
15
Let a = 4 + 3. Suppose l - 72 = -67. Suppose 0 = -2*p + l*u + 23, -4*p + 88 = -0*p + 4*u. What is the remainder when p is divided by a?
5
Let y(i) = i - 11. Let u be y(6). Suppose 4*w + c = 90, 2*c + 96 = -2*w + 6*w. What is the remainder when 88 - u/((-15)/(-9)) is divided by w?
22
Suppose -4*j = -10 - 6. Calculate the remainder when 33 is divided by -3 + j + 8/2.
3
Let b = 7 + -3. Suppose -d - 25 = -5*r, b*r - 25 = -r - 5*d. Calculate the remainder when 17 is divided by r.
2
Let r be (-1 - -6) + -1 + -1. Suppose 9 = -0*k + r*k. Suppose 1 - k = -l. Calculate the remainder when l is divided by 2.
0
Let r(i) = i - 19. Let f be r(9). Let o = f + 9. Calculate the remainder when (-2)/(-2) + o - -14 is divided by 5.
4
Let l = 72 + -39. Let s(o) = -o**3 + 11*o**2 + 6*o - 30. Calculate the remainder when s(10) is divided by l.
31
Suppose -i - y = -60 - 4, 76 = i + 5*y. Let h be (19 + -2 + 0)*1. Let g = 4 + h. Calculate the remainder when i is divided by g.
19
Let j(s) be the second derivative of 7*s**3/2 - 3*s**2/2 - 6*s. Calculate the remainder when j(2) is divided by 15.
9
Suppose -5*w + 695 = -5*r, 2*r + 3*w = 6*w - 282. Let h = 64 - r. What is the remainder when h is divided by 40?
39
Suppose -2*u = 4*j - 108, -288 = -5*u - 61*j + 57*j. Calculate the remainder when u is divided by 39.
21
Suppose 78 = 3*o + 18. Suppose 4*v + o = 108. What is the remainder when 41 is divided by v?
19
Let m(x) be the second derivative of -x**3/3 - x**2 + 32*x. Calculate the remainder when 39/2*4/6 is divided by m(-3).
1
Let y(s) = -2*s**3 - 9*s**2 - 3*s - 17. Calculate the remainder when 75 is divided by y(-5).
6
Let p be (-4)/18 - (-8)/36. Let d = 410 - 393. Calculate the remainder when (p + -1 + 32)*1 is divided by d.
14
Let y(k) = k**3 - 2*k**2. Let a be y(0). Suppose 5*t + 3 - 58 = a. What is the remainder when t is divided by 3?
2
Let n = -50 + 73. Suppose 4*x = 3*x + n. Calculate the remainder when x is divided by 4.
3
Suppose -11*v = -21*v + 250. Let m = -8 - -11. Suppose 25 + m = 2*o. What is the remainder when v is divided by o?
11
Let k = 265 - 157. What is the remainder when k is divided by 28?
24
Let k(h) = -h**3 - 9*h**2 + 28*h + 72. What is the remainder when 163 is divided by k(-11)?
1
Suppose 18 = 3*t - 2*j, 3*j = 11 - 2. Calculate the remainder when 42 is divided by t.
2
Let t = 79 + -50. Suppose 5*v + 35 = -5*d + 2*d, 3*d = v - 11. What is the remainder when ((-339)/(-9))/((-32)/(-6) + d) is divided by t?
26
Let v be -135 - -1 - (7 - 5). Let j = -34 - v. What is the remainder when j is divided by 15?
12
Let o = -105 + 35. Let b = o - -98. Calculate the remainder when (-11)/44 - 426/(-8) is divided by b.
25
Suppose -67 + 22 = -l. Suppose 8*p - 4*p - 67 = 5*u, -3*p - u + 74 = 0. What is the remainder when l is divided by p?
22
Let b be (6 + -5 + -47)*(2 + -1). Let a = b + 61. Suppose -84 = 3*d - 5*d. Calculate the remainder when d is divided by a.
12
Let s(j) = 5*j + 52. Let l be s(-10). Suppose 0 = -2*v - 5*q + 51, l*v = -q + 5*q + 24. What is the remainder when 70 is divided by v?
16
Suppose 0 = 4*t - 248 - 36. Let r(v) = -2*v**3 + 18*v**2 - 141*v + 1038. Calculate the remainder when t is divided by r(8).
33
Calculate the remainder when ((-64)/(-80))/(2/455) is divided by 46.
44
Let a(l) = -l**3 + 22*l**2 - 21*l + 34. Calculate the remainder when 336 is divided by a(21).
30
Let u(o) = 3*o**2 - 34*o - 33. Calculate the remainder when 21 is divided by u(-1).
1
What is the remainder when 64 is divided by -24*5/(1 - 6)?
16
Let l(f) = 83*f**2 + 3*f - 2. Let o be l(2). Suppose 0 = -6*x + 8*x - o. Suppose 5*a - x + 33 = 0. Calculate the remainder when a is divided by 7.
6
Let c be (-2 + 212/(-6))*(-9 + 3). Suppose 0 = 2*f + 4, -5*u + c = -0*f - 2*f. Calculate the remainder when u is divided by 24.
20
Suppose -186 + 36 = -5*f. Calculate the remainder when 52 is divided by f.
22
Let b(c) = c - 2. Suppose -2*m + 4*i + 13 = 5*i, -2*i = 2*m - 12. Calculate the remainder when m is divided by b(6).
3
Suppose -4*p - p + 3*v = -135, -4*v = -4*p + 100. Calculate the remainder when 56 is divided by p.
26
Let h(b) = -b**3 + 24*b**2 - 20*b - 64. Suppose -4*s + 140 = -136. Suppose 5*p = 2*p + s. What is the remainder when p is divided by h(23)?
3
Let t(c) = 4*c**2 + 1. Let r be t(-2). Let n = r - 20. What is the remainder when 27 is divided by ((-12)/(-8))/(n/(-28))?
13
Suppose -3*f + 3*b = -7*f - 48, -37 = 5*f - 2*b. What is the remainder when 9 is divided by (-42)/f + 2/(-3)?
1
Let k = -153 - -171. Calculate the remainder when (-1)/((6/99)/(-2)) is divided by k.
15
Suppose -17*u + 231 = -41. Calculate the remainder when 124 is divided by u.
12
Let z(p) = -p - 2. Let c be z(0). Let a(m) = 4*m**2 - m + 2. What is the remainder when 35 is divided by a(c)?
15
Suppose 3*p - 84 = p. Suppose 4*z + 5*h + 20 = 4*h, 3*h = -3*z - 24. Let o(u) = u**2 - 2*u - 2. Cal